{"id":5,"date":"2018-11-27T09:17:08","date_gmt":"2018-11-27T09:17:08","guid":{"rendered":"https:\/\/www.ubytovanieadana.sk\/about\/"},"modified":"2025-10-24T14:05:45","modified_gmt":"2025-10-24T12:05:45","slug":"onas","status":"publish","type":"page","link":"https:\/\/www.ubytovanieadana.sk\/?page_id=5","title":{"rendered":"O n\u00e1s"},"content":{"rendered":"\t\t<div data-elementor-type=\"wp-post\" data-elementor-id=\"5\" class=\"elementor elementor-5\">\n\t\t\t\t\t\t<section class=\"elementor-section elementor-top-section elementor-element elementor-element-236308a elementor-section-boxed elementor-section-height-default elementor-section-height-default\" data-id=\"236308a\" data-element_type=\"section\">\n\t\t\t\t\t\t<div class=\"elementor-container elementor-column-gap-default\">\n\t\t\t\t\t<div class=\"elementor-column elementor-col-100 elementor-top-column elementor-element elementor-element-92c17c8\" data-id=\"92c17c8\" data-element_type=\"column\">\n\t\t\t<div class=\"elementor-widget-wrap elementor-element-populated\">\n\t\t\t\t\t\t<div class=\"elementor-element elementor-element-9d25869 elementor-widget elementor-widget-spacer\" data-id=\"9d25869\" data-element_type=\"widget\" data-widget_type=\"spacer.default\">\n\t\t\t\t<div class=\"elementor-widget-container\">\n\t\t\t\t\t\t\t<div class=\"elementor-spacer\">\n\t\t\t<div class=\"elementor-spacer-inner\"><\/div>\n\t\t<\/div>\n\t\t\t\t\t\t<\/div>\n\t\t\t\t<\/div>\n\t\t\t\t\t<\/div>\n\t\t<\/div>\n\t\t\t\t\t<\/div>\n\t\t<\/section>\n\t\t\t\t<section class=\"elementor-section elementor-top-section elementor-element elementor-element-5c40d7b elementor-section-boxed elementor-section-height-default elementor-section-height-default\" data-id=\"5c40d7b\" data-element_type=\"section\">\n\t\t\t\t\t\t<div class=\"elementor-container elementor-column-gap-default\">\n\t\t\t\t\t<div class=\"elementor-column elementor-col-50 elementor-top-column elementor-element elementor-element-2ebbf9c\" data-id=\"2ebbf9c\" data-element_type=\"column\">\n\t\t\t<div class=\"elementor-widget-wrap elementor-element-populated\">\n\t\t\t\t\t\t<div class=\"elementor-element elementor-element-fe195c7 elementor-widget elementor-widget-heading\" data-id=\"fe195c7\" data-element_type=\"widget\" data-widget_type=\"heading.default\">\n\t\t\t\t<div class=\"elementor-widget-container\">\n\t\t\t\t\t<h2 class=\"elementor-heading-title elementor-size-default\">Ve\u013ek\u00e1 rodina, <br>ve\u013ek\u00e9 pl\u00e1ny<\/h2>\t\t\t\t<\/div>\n\t\t\t\t<\/div>\n\t\t\t\t<div class=\"elementor-element elementor-element-dc051dd elementor-widget-divider--view-line elementor-widget elementor-widget-divider\" data-id=\"dc051dd\" data-element_type=\"widget\" data-widget_type=\"divider.default\">\n\t\t\t\t<div class=\"elementor-widget-container\">\n\t\t\t\t\t\t\t<div class=\"elementor-divider\">\n\t\t\t<span class=\"elementor-divider-separator\">\n\t\t\t\t\t\t<\/span>\n\t\t<\/div>\n\t\t\t\t\t\t<\/div>\n\t\t\t\t<\/div>\n\t\t\t\t<div class=\"elementor-element elementor-element-e5f497e elementor-widget elementor-widget-text-editor\" data-id=\"e5f497e\" data-element_type=\"widget\" data-widget_type=\"text-editor.default\">\n\t\t\t\t<div class=\"elementor-widget-container\">\n\t\t\t\t\t\t\t\t\t<p>V\u0161etko sa to za\u010dalo v roku 1999, ke\u010f sme sa pustili do rekon\u0161trukcie p\u00f4vodnej budovy na mieste, kde dnes stoj\u00ed Apartments ADANA. Z p\u00f4vodn\u00e9ho objektu, ktor\u00e9ho \u010das\u0165 sl\u00fa\u017eila na b\u00fdvanie a \u010das\u0165 ako staj\u0148a pre kone ostala zachovan\u00e1 aj v s\u00fa\u010dasnosti z exteri\u00e9ru vidite\u013en\u00e1 \u010das\u0165 kamenn\u00e9ho m\u00fara. K vybudovaniu apartm\u00e1nov viedla dlh\u00e1 a niekedy trnist\u00e1 cesta. Po mnoh\u00fdch rokoch stavebn\u00fdch \u00faprav\u00e1ch bolo otvoren\u00e9 kvetin\u00e1rstvo, av\u0161ak sen o vytvoren\u00ed o\u00e1zy oddychu s apartm\u00e1nmi a spolo\u010denskou miestnos\u0165ou pre oslavy sa nerozplynul.<\/p>\n<p>Prv\u00e1 oslava, 1. sv\u00e4t\u00e9 pr\u00edj\u00edmanie sa konala po 9 rokoch pr\u00e1ce a to v roku 2008. Po nej nasledovali prv\u00fd hostia v prv\u00fdch dvoch apartm\u00e1noch. V roku 2015 pribudli pre na\u0161ich host\u00ed potraviny a v roku 2016 \u010fal\u0161\u00ed apartm\u00e1n. Po stavebn\u00fdch \u00faprav\u00e1ch v roku 2018 sme otvorili v\u0161etky apartm\u00e1ny, ktor\u00e9 s\u00fa dnes, po\u010das cel\u00e9ho roka otvoren\u00e9. Martin st., Tereza, Jaroslava, Martin ml., Michal, Adri\u00e1na a Anna sa spolu o na\u0161ich host\u00ed staraj\u00fa, aby pri pobyte u n\u00e1s boli usmiati podobne, ako na\u0161e dva smajl\u00edky.<\/p>\t\t\t\t\t\t\t\t<\/div>\n\t\t\t\t<\/div>\n\t\t\t\t\t<\/div>\n\t\t<\/div>\n\t\t\t\t<div class=\"elementor-column elementor-col-50 elementor-top-column elementor-element elementor-element-e5fdae0\" data-id=\"e5fdae0\" data-element_type=\"column\">\n\t\t\t<div class=\"elementor-widget-wrap elementor-element-populated\">\n\t\t\t\t\t\t<div class=\"elementor-element elementor-element-96b5b53 elementor-widget elementor-widget-image\" data-id=\"96b5b53\" data-element_type=\"widget\" data-widget_type=\"image.default\">\n\t\t\t\t<div class=\"elementor-widget-container\">\n\t\t\t\t\t\t\t\t\t\t\t\t\t\t\t<img fetchpriority=\"high\" decoding=\"async\" width=\"2560\" height=\"1920\" src=\"https:\/\/www.ubytovanieadana.sk\/wp-content\/uploads\/2022\/02\/image_50459393-scaled.jpg\" class=\"attachment-full size-full wp-image-883\" alt=\"\" srcset=\"https:\/\/www.ubytovanieadana.sk\/wp-content\/uploads\/2022\/02\/image_50459393-scaled.jpg 2560w, https:\/\/www.ubytovanieadana.sk\/wp-content\/uploads\/2022\/02\/image_50459393-300x225.jpg 300w, https:\/\/www.ubytovanieadana.sk\/wp-content\/uploads\/2022\/02\/image_50459393-1024x768.jpg 1024w, https:\/\/www.ubytovanieadana.sk\/wp-content\/uploads\/2022\/02\/image_50459393-768x576.jpg 768w, https:\/\/www.ubytovanieadana.sk\/wp-content\/uploads\/2022\/02\/image_50459393-1536x1152.jpg 1536w, https:\/\/www.ubytovanieadana.sk\/wp-content\/uploads\/2022\/02\/image_50459393-2048x1536.jpg 2048w\" sizes=\"(max-width: 2560px) 100vw, 2560px\" \/>\t\t\t\t\t\t\t\t\t\t\t\t\t\t\t<\/div>\n\t\t\t\t<\/div>\n\t\t\t\t\t<\/div>\n\t\t<\/div>\n\t\t\t\t\t<\/div>\n\t\t<\/section>\n\t\t\t\t<\/div>\n\t\t","protected":false},"excerpt":{"rendered":"<p>Ve\u013ek\u00e1 rodina, ve\u013ek\u00e9 pl\u00e1ny V\u0161etko sa to za\u010dalo v roku 1999, ke\u010f sme sa pustili do rekon\u0161trukcie p\u00f4vodnej budovy na mieste, kde dnes stoj\u00ed Apartments ADANA. Z p\u00f4vodn\u00e9ho objektu, ktor\u00e9ho \u010das\u0165 sl\u00fa\u017eila na b\u00fdvanie a \u010das\u0165 ako staj\u0148a pre kone ostala zachovan\u00e1 aj v s\u00fa\u010dasnosti z exteri\u00e9ru vidite\u013en\u00e1 \u010das\u0165 kamenn\u00e9ho m\u00fara. K vybudovaniu apartm\u00e1nov viedla [&hellip;]<\/p>\n","protected":false},"author":1,"featured_media":0,"parent":0,"menu_order":0,"comment_status":"closed","ping_status":"closed","template":"","meta":{"site-sidebar-layout":"no-sidebar","site-content-layout":"page-builder","ast-site-content-layout":"","site-content-style":"default","site-sidebar-style":"default","ast-global-header-display":"","ast-banner-title-visibility":"","ast-main-header-display":"","ast-hfb-above-header-display":"","ast-hfb-below-header-display":"","ast-hfb-mobile-header-display":"","site-post-title":"disabled","ast-breadcrumbs-content":"","ast-featured-img":"disabled","footer-sml-layout":"","theme-transparent-header-meta":"enabled","adv-header-id-meta":"","stick-header-meta":"","header-above-stick-meta":"","header-main-stick-meta":"","header-below-stick-meta":"","astra-migrate-meta-layouts":"default","ast-page-background-enabled":"default","ast-page-background-meta":{"desktop":{"background-color":"","background-image":"","background-repeat":"repeat","background-position":"center center","background-size":"auto","background-attachment":"scroll","background-type":"","background-media":"","overlay-type":"","overlay-color":"","overlay-opacity":"","overlay-gradient":""},"tablet":{"background-color":"","background-image":"","background-repeat":"repeat","background-position":"center center","background-size":"auto","background-attachment":"scroll","background-type":"","background-media":"","overlay-type":"","overlay-color":"","overlay-opacity":"","overlay-gradient":""},"mobile":{"background-color":"","background-image":"","background-repeat":"repeat","background-position":"center center","background-size":"auto","background-attachment":"scroll","background-type":"","background-media":"","overlay-type":"","overlay-color":"","overlay-opacity":"","overlay-gradient":""}},"ast-content-background-meta":{"desktop":{"background-color":"var(--ast-global-color-5)","background-image":"","background-repeat":"repeat","background-position":"center center","background-size":"auto","background-attachment":"scroll","background-type":"","background-media":"","overlay-type":"","overlay-color":"","overlay-opacity":"","overlay-gradient":""},"tablet":{"background-color":"var(--ast-global-color-5)","background-image":"","background-repeat":"repeat","background-position":"center center","background-size":"auto","background-attachment":"scroll","background-type":"","background-media":"","overlay-type":"","overlay-color":"","overlay-opacity":"","overlay-gradient":""},"mobile":{"background-color":"var(--ast-global-color-5)","background-image":"","background-repeat":"repeat","background-position":"center center","background-size":"auto","background-attachment":"scroll","background-type":"","background-media":"","overlay-type":"","overlay-color":"","overlay-opacity":"","overlay-gradient":""}},"footnotes":""},"class_list":["post-5","page","type-page","status-publish","hentry"],"aioseo_notices":[],"_links":{"self":[{"href":"https:\/\/www.ubytovanieadana.sk\/index.php?rest_route=\/wp\/v2\/pages\/5","targetHints":{"allow":["GET"]}}],"collection":[{"href":"https:\/\/www.ubytovanieadana.sk\/index.php?rest_route=\/wp\/v2\/pages"}],"about":[{"href":"https:\/\/www.ubytovanieadana.sk\/index.php?rest_route=\/wp\/v2\/types\/page"}],"author":[{"embeddable":true,"href":"https:\/\/www.ubytovanieadana.sk\/index.php?rest_route=\/wp\/v2\/users\/1"}],"replies":[{"embeddable":true,"href":"https:\/\/www.ubytovanieadana.sk\/index.php?rest_route=%2Fwp%2Fv2%2Fcomments&post=5"}],"version-history":[{"count":110,"href":"https:\/\/www.ubytovanieadana.sk\/index.php?rest_route=\/wp\/v2\/pages\/5\/revisions"}],"predecessor-version":[{"id":2095,"href":"https:\/\/www.ubytovanieadana.sk\/index.php?rest_route=\/wp\/v2\/pages\/5\/revisions\/2095"}],"wp:attachment":[{"href":"https:\/\/www.ubytovanieadana.sk\/index.php?rest_route=%2Fwp%2Fv2%2Fmedia&parent=5"}],"curies":[{"name":"wp","href":"https:\/\/api.w.org\/{rel}","templated":true}]}}

O nás

<div data-elementor-type="wp-post" data-elementor-id="5" class="elementor elementor-5">
						<section class="elementor-section elementor-top-section elementor-element elementor-element-236308a elementor-section-boxed elementor-section-height-default elementor-section-height-default" data-id="236308a" data-element_type="section">
						<div class="elementor-container elementor-column-gap-default">
					<div class="elementor-column elementor-col-100 elementor-top-column elementor-element elementor-element-92c17c8" data-id="92c17c8" data-element_type="column">
			<div class="elementor-widget-wrap elementor-element-populated">
						<div class="elementor-element elementor-element-9d25869 elementor-widget elementor-widget-spacer" data-id="9d25869" data-element_type="widget" data-widget_type="spacer.default">
				<div class="elementor-widget-container">
							<div class="elementor-spacer">
			<div class="elementor-spacer-inner"></div>
		</div>
						</div>
				</div>
					</div>
		</div>
					</div>
		</section>
				<section class="elementor-section elementor-top-section elementor-element elementor-element-5c40d7b elementor-section-boxed elementor-section-height-default elementor-section-height-default" data-id="5c40d7b" data-element_type="section">
						<div class="elementor-container elementor-column-gap-default">
					<div class="elementor-column elementor-col-50 elementor-top-column elementor-element elementor-element-2ebbf9c" data-id="2ebbf9c" data-element_type="column">
			<div class="elementor-widget-wrap elementor-element-populated">
						<div class="elementor-element elementor-element-fe195c7 elementor-widget elementor-widget-heading" data-id="fe195c7" data-element_type="widget" data-widget_type="heading.default">
				<div class="elementor-widget-container">
					<h2 class="elementor-heading-title elementor-size-default">Veľká rodina, <br>veľké plány</h2>				</div>
				</div>
				<div class="elementor-element elementor-element-dc051dd elementor-widget-divider--view-line elementor-widget elementor-widget-divider" data-id="dc051dd" data-element_type="widget" data-widget_type="divider.default">
				<div class="elementor-widget-container">
							<div class="elementor-divider">
			<span class="elementor-divider-separator">
						</span>
		</div>
						</div>
				</div>
				<div class="elementor-element elementor-element-e5f497e elementor-widget elementor-widget-text-editor" data-id="e5f497e" data-element_type="widget" data-widget_type="text-editor.default">
				<div class="elementor-widget-container">
									<p>Všetko sa to začalo v roku 1999, keď sme sa pustili do rekonštrukcie pôvodnej budovy na mieste, kde dnes stojí Apartments ADANA. Z pôvodného objektu, ktorého časť slúžila na bývanie a časť ako stajňa pre kone ostala zachovaná aj v súčasnosti z exteriéru viditeľná časť kamenného múra. K vybudovaniu apartmánov viedla dlhá a niekedy trnistá cesta. Po mnohých rokoch stavebných úpravách bolo otvorené kvetinárstvo, avšak sen o vytvorení oázy oddychu s apartmánmi a spoločenskou miestnosťou pre oslavy sa nerozplynul.</p>
<p>Prvá oslava, 1. sväté príjímanie sa konala po 9 rokoch práce a to v roku 2008. Po nej nasledovali prvý hostia v prvých dvoch apartmánoch. V roku 2015 pribudli pre našich hostí potraviny a v roku 2016 ďalší apartmán. Po stavebných úpravách v roku 2018 sme otvorili všetky apartmány, ktoré sú dnes, počas celého roka otvorené. Martin st., Tereza, Jaroslava, Martin ml., Michal, Adriána a Anna sa spolu o našich hostí starajú, aby pri pobyte u nás boli usmiati podobne, ako naše dva smajlíky.</p>								</div>
				</div>
					</div>
		</div>
				<div class="elementor-column elementor-col-50 elementor-top-column elementor-element elementor-element-e5fdae0" data-id="e5fdae0" data-element_type="column">
			<div class="elementor-widget-wrap elementor-element-populated">
						<div class="elementor-element elementor-element-96b5b53 elementor-widget elementor-widget-image" data-id="96b5b53" data-element_type="widget" data-widget_type="image.default">
				<div class="elementor-widget-container">
															<img fetchpriority="high" decoding="async" width="2560" height="1920" src="https://www.ubytovanieadana.sk/wp-content/uploads/2022/02/image_50459393-scaled.jpg" class="attachment-full size-full wp-image-883" alt="" srcset="https://www.ubytovanieadana.sk/wp-content/uploads/2022/02/image_50459393-scaled.jpg 2560w, https://www.ubytovanieadana.sk/wp-content/uploads/2022/02/image_50459393-300x225.jpg 300w, https://www.ubytovanieadana.sk/wp-content/uploads/2022/02/image_50459393-1024x768.jpg 1024w, https://www.ubytovanieadana.sk/wp-content/uploads/2022/02/image_50459393-768x576.jpg 768w, https://www.ubytovanieadana.sk/wp-content/uploads/2022/02/image_50459393-1536x1152.jpg 1536w, https://www.ubytovanieadana.sk/wp-content/uploads/2022/02/image_50459393-2048x1536.jpg 2048w" sizes="(max-width: 2560px) 100vw, 2560px" />															</div>
				</div>
					</div>
		</div>
					</div>
		</section>
				</div>

<p>Veľká rodina, veľké plány Všetko sa to začalo v roku 1999, keď sme sa pustili do rekonštrukcie pôvodnej budovy na mieste, kde dnes stojí Apartments ADANA. Z pôvodného objektu, ktorého časť slúžila na bývanie a časť ako stajňa pre kone ostala zachovaná aj v súčasnosti z exteriéru viditeľná časť kamenného múra. K vybudovaniu apartmánov viedla [&hellip;]</p>
